{"id":8390,"date":"2012-06-26T19:06:22","date_gmt":"2012-06-26T18:06:22","guid":{"rendered":"http:\/\/kravallslojd.se\/wordpress\/wp-content\/uploads\/2012\/06\/svets.jpg"},"modified":"2012-06-26T19:06:22","modified_gmt":"2012-06-26T18:06:22","slug":"svets","status":"inherit","type":"attachment","link":"http:\/\/kravallslojd.se\/wordpress\/?attachment_id=8390","title":{"rendered":"svets"},"author":212,"comment_status":"open","ping_status":"open","template":"","meta":[],"description":{"rendered":"<p class=\"attachment\"><a href=\"http:\/\/kravallslojd.se\/wordpress\/wp-content\/uploads\/2012\/06\/svets.jpg\" ><img width=\"300\" height=\"230\" src=\"http:\/\/kravallslojd.se\/wordpress\/wp-content\/uploads\/2012\/06\/svets-300x230.jpg\" class=\"attachment-medium size-medium\" alt=\"\" decoding=\"async\" loading=\"lazy\" \/><\/a><\/p>\n"},"caption":{"rendered":"<p>jag byter textilen mot svetsen f\u00f6r ett tag och f\u00e4rgk\u00f6k mot garage.<\/p>\n"},"alt_text":"","media_type":"image","mime_type":"image\/jpeg","media_details":{"width":"640","height":"457","hwstring_small":"height='85' width='128'","file":"2012\/06\/svets.jpg","sizes":{"thumbnail":{"file":"svets-150x150.jpg","width":"150","height":"150","source_url":"http:\/\/kravallslojd.se\/wordpress\/wp-content\/uploads\/2012\/06\/svets-150x150.jpg"},"medium":{"file":"svets-300x230.jpg","width":"300","height":"230","source_url":"http:\/\/kravallslojd.se\/wordpress\/wp-content\/uploads\/2012\/06\/svets-300x230.jpg"},"large":{"file":"svets-560x403.jpg","width":"560","height":"403","source_url":"http:\/\/kravallslojd.se\/wordpress\/wp-content\/uploads\/2012\/06\/svets-560x403.jpg"},"full":{"file":"svets.jpg","width":640,"height":457,"mime_type":"image\/jpeg","source_url":"http:\/\/kravallslojd.se\/wordpress\/wp-content\/uploads\/2012\/06\/svets.jpg"}},"image_meta":{"aperture":"4.5","credit":"","camera":"Canon EOS 1100D","caption":"","created_timestamp":"1340713519","copyright":"","focal_length":"34","iso":"100","shutter_speed":"0.025","title":""}},"post":8388,"source_url":"http:\/\/kravallslojd.se\/wordpress\/wp-content\/uploads\/2012\/06\/svets.jpg","_links":{"self":[{"href":"http:\/\/kravallslojd.se\/wordpress\/index.php?rest_route=\/wp\/v2\/media\/8390"}],"collection":[{"href":"http:\/\/kravallslojd.se\/wordpress\/index.php?rest_route=\/wp\/v2\/media"}],"about":[{"href":"http:\/\/kravallslojd.se\/wordpress\/index.php?rest_route=\/wp\/v2\/types\/attachment"}],"author":[{"embeddable":true,"href":"http:\/\/kravallslojd.se\/wordpress\/index.php?rest_route=\/wp\/v2\/users\/212"}],"replies":[{"embeddable":true,"href":"http:\/\/kravallslojd.se\/wordpress\/index.php?rest_route=%2Fwp%2Fv2%2Fcomments&post=8390"}]}}

<p>jag byter textilen mot svetsen för ett tag och färgkök mot garage.</p>
