{"id":9279,"date":"2012-10-15T12:13:11","date_gmt":"2012-10-15T11:13:11","guid":{"rendered":"http:\/\/kravallslojd.se\/wordpress\/wp-content\/uploads\/2012\/10\/den-kulturella-byr\u00e5n2.jpg"},"modified":"2012-10-15T12:13:11","modified_gmt":"2012-10-15T11:13:11","slug":"den-kulturella-byran-3","status":"inherit","type":"attachment","link":"http:\/\/kravallslojd.se\/wordpress\/?attachment_id=9279","title":{"rendered":"den kulturella byr\u00e5n"},"author":224,"comment_status":"open","ping_status":"open","template":"","meta":[],"description":{"rendered":"<p class=\"attachment\"><a href=\"http:\/\/kravallslojd.se\/wordpress\/wp-content\/uploads\/2012\/10\/den-kulturella-byr\u00e5n2.jpg\" ><img width=\"300\" height=\"166\" src=\"http:\/\/kravallslojd.se\/wordpress\/wp-content\/uploads\/2012\/10\/den-kulturella-byr\u00e5n2-300x166.jpg\" class=\"attachment-medium size-medium\" alt=\"\" decoding=\"async\" loading=\"lazy\" \/><\/a><\/p>\n"},"caption":{"rendered":"<p>Som byr\u00e5n s\u00e5g ut inf\u00f6r Kulturfestivalen Kungsbacka vaknar, september 2012<\/p>\n"},"alt_text":"","media_type":"image","mime_type":"image\/jpeg","media_details":{"width":"960","height":"468","hwstring_small":"height='58' width='128'","file":"2012\/10\/den-kulturella-byr\u00e5n2.jpg","sizes":{"thumbnail":{"file":"den-kulturella-byr\u00e5n2-150x150.jpg","width":"150","height":"150","source_url":"http:\/\/kravallslojd.se\/wordpress\/wp-content\/uploads\/2012\/10\/den-kulturella-byr\u00e5n2-150x150.jpg"},"medium":{"file":"den-kulturella-byr\u00e5n2-300x166.jpg","width":"300","height":"166","source_url":"http:\/\/kravallslojd.se\/wordpress\/wp-content\/uploads\/2012\/10\/den-kulturella-byr\u00e5n2-300x166.jpg"},"large":{"file":"den-kulturella-byr\u00e5n2-560x285.jpg","width":"560","height":"285","source_url":"http:\/\/kravallslojd.se\/wordpress\/wp-content\/uploads\/2012\/10\/den-kulturella-byr\u00e5n2-560x285.jpg"},"full":{"file":"den-kulturella-byr\u00e5n2.jpg","width":960,"height":468,"mime_type":"image\/jpeg","source_url":"http:\/\/kravallslojd.se\/wordpress\/wp-content\/uploads\/2012\/10\/den-kulturella-byr\u00e5n2.jpg"}},"image_meta":{"aperture":"0","credit":"","camera":"","caption":"","created_timestamp":"0","copyright":"","focal_length":"0","iso":"0","shutter_speed":"0","title":""}},"post":9273,"source_url":"http:\/\/kravallslojd.se\/wordpress\/wp-content\/uploads\/2012\/10\/den-kulturella-byr\u00e5n2.jpg","_links":{"self":[{"href":"http:\/\/kravallslojd.se\/wordpress\/index.php?rest_route=\/wp\/v2\/media\/9279"}],"collection":[{"href":"http:\/\/kravallslojd.se\/wordpress\/index.php?rest_route=\/wp\/v2\/media"}],"about":[{"href":"http:\/\/kravallslojd.se\/wordpress\/index.php?rest_route=\/wp\/v2\/types\/attachment"}],"author":[{"embeddable":true,"href":"http:\/\/kravallslojd.se\/wordpress\/index.php?rest_route=\/wp\/v2\/users\/224"}],"replies":[{"embeddable":true,"href":"http:\/\/kravallslojd.se\/wordpress\/index.php?rest_route=%2Fwp%2Fv2%2Fcomments&post=9279"}]}}

http://kravallslojd.se/wordpress/wp-content/uploads/2012/10/den-kulturella-byrån2.jpg

den kulturella byrån

<p class="attachment"><a href="http://kravallslojd.se/wordpress/wp-content/uploads/2012/10/den-kulturella-byrån2.jpg" ><img width="300" height="166" src="http://kravallslojd.se/wordpress/wp-content/uploads/2012/10/den-kulturella-byrån2-300x166.jpg" class="attachment-medium size-medium" alt="" decoding="async" loading="lazy" /></a></p>

<p>Som byrån såg ut inför Kulturfestivalen Kungsbacka vaknar, september 2012</p>

2012/10/den-kulturella-byrån2.jpg

den-kulturella-byrån2-150x150.jpg

http://kravallslojd.se/wordpress/wp-content/uploads/2012/10/den-kulturella-byrån2-150x150.jpg

den-kulturella-byrån2-300x166.jpg

http://kravallslojd.se/wordpress/wp-content/uploads/2012/10/den-kulturella-byrån2-300x166.jpg

den-kulturella-byrån2-560x285.jpg

http://kravallslojd.se/wordpress/wp-content/uploads/2012/10/den-kulturella-byrån2-560x285.jpg

den-kulturella-byrån2.jpg
