{"id":1875,"date":"2009-08-17T15:14:32","date_gmt":"2009-08-17T14:14:32","guid":{"rendered":"http:\/\/kravallslojd.se\/wordpress\/wp-content\/uploads\/2009\/08\/Arbetsplatsen.jpg"},"modified":"2009-08-17T15:14:32","modified_gmt":"2009-08-17T14:14:32","slug":"arbetsplatsen-4","status":"inherit","type":"attachment","link":"https:\/\/kravallslojd.se\/wordpress\/?attachment_id=1875","title":{"rendered":"Arbetsplatsen"},"author":20,"comment_status":"open","ping_status":"open","template":"","meta":[],"description":{"rendered":"<p class=\"attachment\"><a href=\"https:\/\/kravallslojd.se\/wordpress\/wp-content\/uploads\/2009\/08\/Arbetsplatsen.jpg\" ><img width=\"300\" height=\"255\" src=\"https:\/\/kravallslojd.se\/wordpress\/wp-content\/uploads\/2009\/08\/Arbetsplatsen-300x255.jpg\" class=\"attachment-medium size-medium\" alt=\"\" decoding=\"async\" loading=\"lazy\" \/><\/a><\/p>\n<p>I detta pittoreska hus har jag och min kollega CarlOlof v\u00e5ra kontor. Det r\u00f6da huset som syns precis bakom \u00e4r Sk\u00f6vdes \u00e4ldsta fr\u00e5n 1700-n\u00e5ng\u00e5ng.<\/p>\n"},"caption":{"rendered":"<p>Helensg\u00e5rden, Sk\u00f6vde<\/p>\n"},"alt_text":"","media_type":"image","mime_type":"image\/jpeg","media_details":{"width":"640","height":"510","hwstring_small":"height='96' width='128'","file":"2009\/08\/Arbetsplatsen.jpg","sizes":{"thumbnail":{"file":"Arbetsplatsen-150x150.jpg","width":"150","height":"150","source_url":"https:\/\/kravallslojd.se\/wordpress\/wp-content\/uploads\/2009\/08\/Arbetsplatsen-150x150.jpg"},"medium":{"file":"Arbetsplatsen-300x255.jpg","width":"300","height":"255","source_url":"https:\/\/kravallslojd.se\/wordpress\/wp-content\/uploads\/2009\/08\/Arbetsplatsen-300x255.jpg"},"full":{"file":"Arbetsplatsen.jpg","width":640,"height":510,"mime_type":"image\/jpeg","source_url":"https:\/\/kravallslojd.se\/wordpress\/wp-content\/uploads\/2009\/08\/Arbetsplatsen.jpg"}},"image_meta":{"aperture":"2.8","credit":"","camera":"S500i","caption":"","created_timestamp":"1250503225","copyright":"","focal_length":"0","iso":"125","shutter_speed":"0.02","title":""}},"post":1872,"source_url":"https:\/\/kravallslojd.se\/wordpress\/wp-content\/uploads\/2009\/08\/Arbetsplatsen.jpg","_links":{"self":[{"href":"https:\/\/kravallslojd.se\/wordpress\/index.php?rest_route=\/wp\/v2\/media\/1875"}],"collection":[{"href":"https:\/\/kravallslojd.se\/wordpress\/index.php?rest_route=\/wp\/v2\/media"}],"about":[{"href":"https:\/\/kravallslojd.se\/wordpress\/index.php?rest_route=\/wp\/v2\/types\/attachment"}],"author":[{"embeddable":true,"href":"https:\/\/kravallslojd.se\/wordpress\/index.php?rest_route=\/wp\/v2\/users\/20"}],"replies":[{"embeddable":true,"href":"https:\/\/kravallslojd.se\/wordpress\/index.php?rest_route=%2Fwp%2Fv2%2Fcomments&post=1875"}]}}

<p class="attachment"><a href="https://kravallslojd.se/wordpress/wp-content/uploads/2009/08/Arbetsplatsen.jpg" ><img width="300" height="255" src="https://kravallslojd.se/wordpress/wp-content/uploads/2009/08/Arbetsplatsen-300x255.jpg" class="attachment-medium size-medium" alt="" decoding="async" loading="lazy" /></a></p>
<p>I detta pittoreska hus har jag och min kollega CarlOlof våra kontor. Det röda huset som syns precis bakom är Skövdes äldsta från 1700-nångång.</p>

<p>Helensgården, Skövde</p>
