{"id":5822,"date":"2011-08-01T14:03:17","date_gmt":"2011-08-01T13:03:17","guid":{"rendered":"http:\/\/kravallslojd.se\/wordpress\/wp-content\/uploads\/2011\/08\/IMG_7054.jpg"},"modified":"2011-08-01T14:03:17","modified_gmt":"2011-08-01T13:03:17","slug":"img_7054","status":"inherit","type":"attachment","link":"https:\/\/kravallslojd.se\/wordpress\/?attachment_id=5822","title":{"rendered":"IMG_7054"},"author":169,"comment_status":"open","ping_status":"open","template":"","meta":[],"description":{"rendered":"<p class=\"attachment\"><a href=\"https:\/\/kravallslojd.se\/wordpress\/wp-content\/uploads\/2011\/08\/IMG_7054.jpg\" ><img width=\"300\" height=\"225\" src=\"https:\/\/kravallslojd.se\/wordpress\/wp-content\/uploads\/2011\/08\/IMG_7054-300x225.jpg\" class=\"attachment-medium size-medium\" alt=\"\" decoding=\"async\" loading=\"lazy\" srcset=\"https:\/\/kravallslojd.se\/wordpress\/wp-content\/uploads\/2011\/08\/IMG_7054-300x225.jpg 300w, https:\/\/kravallslojd.se\/wordpress\/wp-content\/uploads\/2011\/08\/IMG_7054-1024x768.jpg 1024w\" sizes=\"(max-width: 300px) 100vw, 300px\" \/><\/a><\/p>\n<p>B\u00f6rjar med att visa n\u00e5gra bilder p\u00e5 min atelj\u00e9. H\u00e4r sitter jag och jobbar. P\u00e5 bilden \u00e4r allt fint iordningst\u00e4lld inf\u00f6r Konstrundan i Blekinge 2011. Vanligtvis \u00e4r h\u00e4r inte s\u00e5 v\u00e4lst\u00e4dat, men det \u00e4r v\u00e4l det som \u00e4r kreativitet, med garn och tyger \u00f6verallt&#8230;<\/p>\n"},"caption":{"rendered":"<p>Min atelj\u00e9<\/p>\n"},"alt_text":"","media_type":"image","mime_type":"image\/jpeg","media_details":{"width":"3264","height":"2448","hwstring_small":"height='96' width='128'","file":"2011\/08\/IMG_7054.jpg","sizes":{"thumbnail":{"file":"IMG_7054-150x150.jpg","width":"150","height":"150","source_url":"https:\/\/kravallslojd.se\/wordpress\/wp-content\/uploads\/2011\/08\/IMG_7054-150x150.jpg"},"medium":{"file":"IMG_7054-300x225.jpg","width":"300","height":"225","source_url":"https:\/\/kravallslojd.se\/wordpress\/wp-content\/uploads\/2011\/08\/IMG_7054-300x225.jpg"},"large":{"file":"IMG_7054-1024x768.jpg","width":"1024","height":"768","source_url":"https:\/\/kravallslojd.se\/wordpress\/wp-content\/uploads\/2011\/08\/IMG_7054-1024x768.jpg"},"full":{"file":"IMG_7054.jpg","width":3264,"height":2448,"mime_type":"image\/jpeg","source_url":"https:\/\/kravallslojd.se\/wordpress\/wp-content\/uploads\/2011\/08\/IMG_7054.jpg"}},"image_meta":{"aperture":"2.7","credit":"","camera":"Canon PowerShot S5 IS","caption":"","created_timestamp":"1304249416","copyright":"","focal_length":"6","iso":"80","shutter_speed":"0.0166666666667","title":""}},"post":5821,"source_url":"https:\/\/kravallslojd.se\/wordpress\/wp-content\/uploads\/2011\/08\/IMG_7054.jpg","_links":{"self":[{"href":"https:\/\/kravallslojd.se\/wordpress\/index.php?rest_route=\/wp\/v2\/media\/5822"}],"collection":[{"href":"https:\/\/kravallslojd.se\/wordpress\/index.php?rest_route=\/wp\/v2\/media"}],"about":[{"href":"https:\/\/kravallslojd.se\/wordpress\/index.php?rest_route=\/wp\/v2\/types\/attachment"}],"author":[{"embeddable":true,"href":"https:\/\/kravallslojd.se\/wordpress\/index.php?rest_route=\/wp\/v2\/users\/169"}],"replies":[{"embeddable":true,"href":"https:\/\/kravallslojd.se\/wordpress\/index.php?rest_route=%2Fwp%2Fv2%2Fcomments&post=5822"}]}}

<p class="attachment"><a href="https://kravallslojd.se/wordpress/wp-content/uploads/2011/08/IMG_7054.jpg" ><img width="300" height="225" src="https://kravallslojd.se/wordpress/wp-content/uploads/2011/08/IMG_7054-300x225.jpg" class="attachment-medium size-medium" alt="" decoding="async" loading="lazy" srcset="https://kravallslojd.se/wordpress/wp-content/uploads/2011/08/IMG_7054-300x225.jpg 300w, https://kravallslojd.se/wordpress/wp-content/uploads/2011/08/IMG_7054-1024x768.jpg 1024w" sizes="(max-width: 300px) 100vw, 300px" /></a></p>
<p>Börjar med att visa några bilder på min ateljé. Här sitter jag och jobbar. På bilden är allt fint iordningställd inför Konstrundan i Blekinge 2011. Vanligtvis är här inte så välstädat, men det är väl det som är kreativitet, med garn och tyger överallt&#8230;</p>

<p>Min ateljé</p>
