{"id":5885,"date":"2011-08-06T21:10:41","date_gmt":"2011-08-06T20:10:41","guid":{"rendered":"http:\/\/kravallslojd.se\/wordpress\/wp-content\/uploads\/2011\/08\/DSC_0434.jpg"},"modified":"2011-08-06T21:10:41","modified_gmt":"2011-08-06T20:10:41","slug":"dsc_0434","status":"inherit","type":"attachment","link":"https:\/\/kravallslojd.se\/wordpress\/?attachment_id=5885","title":{"rendered":"DSC_0434"},"author":169,"comment_status":"open","ping_status":"open","template":"","meta":[],"description":{"rendered":"<p class=\"attachment\"><a href=\"https:\/\/kravallslojd.se\/wordpress\/wp-content\/uploads\/2011\/08\/DSC_0434.jpg\" ><img width=\"300\" height=\"225\" src=\"https:\/\/kravallslojd.se\/wordpress\/wp-content\/uploads\/2011\/08\/DSC_0434-300x225.jpg\" class=\"attachment-medium size-medium\" alt=\"\" decoding=\"async\" loading=\"lazy\" srcset=\"https:\/\/kravallslojd.se\/wordpress\/wp-content\/uploads\/2011\/08\/DSC_0434-300x225.jpg 300w, https:\/\/kravallslojd.se\/wordpress\/wp-content\/uploads\/2011\/08\/DSC_0434-1024x768.jpg 1024w\" sizes=\"(max-width: 300px) 100vw, 300px\" \/><\/a><\/p>\n<p>Galleri Wachtmeister \u00e4r tre glasmontrar i ett k\u00f6pcentrum i centrala Karlskrona. Jag ansvarar f\u00f6r utst\u00e4llningsbyggandet i dem. Nu kan man \u00e4ven se foton p\u00e5 V\u00e4rldsarvsstaden Karlskrona i olika \u00e5rstider. Patrik Flyden, en lokal fotograf har tagit bilderna. <\/p>\n"},"caption":{"rendered":"<p>Galleri Wachtmeister<\/p>\n"},"alt_text":"","media_type":"image","mime_type":"image\/jpeg","media_details":{"width":"3264","height":"2448","hwstring_small":"height='96' width='128'","file":"2011\/08\/DSC_0434.jpg","sizes":{"thumbnail":{"file":"DSC_0434-150x150.jpg","width":"150","height":"150","source_url":"https:\/\/kravallslojd.se\/wordpress\/wp-content\/uploads\/2011\/08\/DSC_0434-150x150.jpg"},"medium":{"file":"DSC_0434-300x225.jpg","width":"300","height":"225","source_url":"https:\/\/kravallslojd.se\/wordpress\/wp-content\/uploads\/2011\/08\/DSC_0434-300x225.jpg"},"large":{"file":"DSC_0434-1024x768.jpg","width":"1024","height":"768","source_url":"https:\/\/kravallslojd.se\/wordpress\/wp-content\/uploads\/2011\/08\/DSC_0434-1024x768.jpg"},"full":{"file":"DSC_0434.jpg","width":3264,"height":2448,"mime_type":"image\/jpeg","source_url":"https:\/\/kravallslojd.se\/wordpress\/wp-content\/uploads\/2011\/08\/DSC_0434.jpg"}},"image_meta":{"aperture":"2.4","credit":"","camera":"MT15i","caption":"","created_timestamp":"1311872407","copyright":"","focal_length":"4.1","iso":"160","shutter_speed":"0.02","title":""}},"post":5872,"source_url":"https:\/\/kravallslojd.se\/wordpress\/wp-content\/uploads\/2011\/08\/DSC_0434.jpg","_links":{"self":[{"href":"https:\/\/kravallslojd.se\/wordpress\/index.php?rest_route=\/wp\/v2\/media\/5885"}],"collection":[{"href":"https:\/\/kravallslojd.se\/wordpress\/index.php?rest_route=\/wp\/v2\/media"}],"about":[{"href":"https:\/\/kravallslojd.se\/wordpress\/index.php?rest_route=\/wp\/v2\/types\/attachment"}],"author":[{"embeddable":true,"href":"https:\/\/kravallslojd.se\/wordpress\/index.php?rest_route=\/wp\/v2\/users\/169"}],"replies":[{"embeddable":true,"href":"https:\/\/kravallslojd.se\/wordpress\/index.php?rest_route=%2Fwp%2Fv2%2Fcomments&post=5885"}]}}

<p class="attachment"><a href="https://kravallslojd.se/wordpress/wp-content/uploads/2011/08/DSC_0434.jpg" ><img width="300" height="225" src="https://kravallslojd.se/wordpress/wp-content/uploads/2011/08/DSC_0434-300x225.jpg" class="attachment-medium size-medium" alt="" decoding="async" loading="lazy" srcset="https://kravallslojd.se/wordpress/wp-content/uploads/2011/08/DSC_0434-300x225.jpg 300w, https://kravallslojd.se/wordpress/wp-content/uploads/2011/08/DSC_0434-1024x768.jpg 1024w" sizes="(max-width: 300px) 100vw, 300px" /></a></p>
<p>Galleri Wachtmeister är tre glasmontrar i ett köpcentrum i centrala Karlskrona. Jag ansvarar för utställningsbyggandet i dem. Nu kan man även se foton på Världsarvsstaden Karlskrona i olika årstider. Patrik Flyden, en lokal fotograf har tagit bilderna. </p>
