{"id":5901,"date":"2011-08-07T19:59:01","date_gmt":"2011-08-07T18:59:01","guid":{"rendered":"http:\/\/kravallslojd.se\/wordpress\/wp-content\/uploads\/2011\/08\/IMG_6587.jpg"},"modified":"2011-08-07T19:59:01","modified_gmt":"2011-08-07T18:59:01","slug":"img_6587","status":"inherit","type":"attachment","link":"https:\/\/kravallslojd.se\/wordpress\/?attachment_id=5901","title":{"rendered":"IMG_6587"},"author":169,"comment_status":"open","ping_status":"open","template":"","meta":[],"description":{"rendered":"<p class=\"attachment\"><a href=\"https:\/\/kravallslojd.se\/wordpress\/wp-content\/uploads\/2011\/08\/IMG_6587.jpg\" ><img width=\"300\" height=\"225\" src=\"https:\/\/kravallslojd.se\/wordpress\/wp-content\/uploads\/2011\/08\/IMG_6587-300x225.jpg\" class=\"attachment-medium size-medium\" alt=\"\" decoding=\"async\" loading=\"lazy\" srcset=\"https:\/\/kravallslojd.se\/wordpress\/wp-content\/uploads\/2011\/08\/IMG_6587-300x225.jpg 300w, https:\/\/kravallslojd.se\/wordpress\/wp-content\/uploads\/2011\/08\/IMG_6587-1024x768.jpg 1024w\" sizes=\"(max-width: 300px) 100vw, 300px\" \/><\/a><\/p>\n<p>De h\u00e4r virkade bomberna kommer antagligen att st\u00e4llas ut i Olofstr\u00f6ms konsthall i oktober. Bilden \u00e4r fr\u00e5n en utst\u00e4llning i Lund november 2010. <\/p>\n"},"caption":{"rendered":"<p>Bomb<\/p>\n"},"alt_text":"","media_type":"image","mime_type":"image\/jpeg","media_details":{"width":"3264","height":"2448","hwstring_small":"height='96' width='128'","file":"2011\/08\/IMG_6587.jpg","sizes":{"thumbnail":{"file":"IMG_6587-150x150.jpg","width":"150","height":"150","source_url":"https:\/\/kravallslojd.se\/wordpress\/wp-content\/uploads\/2011\/08\/IMG_6587-150x150.jpg"},"medium":{"file":"IMG_6587-300x225.jpg","width":"300","height":"225","source_url":"https:\/\/kravallslojd.se\/wordpress\/wp-content\/uploads\/2011\/08\/IMG_6587-300x225.jpg"},"large":{"file":"IMG_6587-1024x768.jpg","width":"1024","height":"768","source_url":"https:\/\/kravallslojd.se\/wordpress\/wp-content\/uploads\/2011\/08\/IMG_6587-1024x768.jpg"},"full":{"file":"IMG_6587.jpg","width":3264,"height":2448,"mime_type":"image\/jpeg","source_url":"https:\/\/kravallslojd.se\/wordpress\/wp-content\/uploads\/2011\/08\/IMG_6587.jpg"}},"image_meta":{"aperture":"2.7","credit":"","camera":"Canon PowerShot S5 IS","caption":"","created_timestamp":"1287764264","copyright":"","focal_length":"6","iso":"160","shutter_speed":"0.0166666666667","title":""}},"post":5883,"source_url":"https:\/\/kravallslojd.se\/wordpress\/wp-content\/uploads\/2011\/08\/IMG_6587.jpg","_links":{"self":[{"href":"https:\/\/kravallslojd.se\/wordpress\/index.php?rest_route=\/wp\/v2\/media\/5901"}],"collection":[{"href":"https:\/\/kravallslojd.se\/wordpress\/index.php?rest_route=\/wp\/v2\/media"}],"about":[{"href":"https:\/\/kravallslojd.se\/wordpress\/index.php?rest_route=\/wp\/v2\/types\/attachment"}],"author":[{"embeddable":true,"href":"https:\/\/kravallslojd.se\/wordpress\/index.php?rest_route=\/wp\/v2\/users\/169"}],"replies":[{"embeddable":true,"href":"https:\/\/kravallslojd.se\/wordpress\/index.php?rest_route=%2Fwp%2Fv2%2Fcomments&post=5901"}]}}

<p class="attachment"><a href="https://kravallslojd.se/wordpress/wp-content/uploads/2011/08/IMG_6587.jpg" ><img width="300" height="225" src="https://kravallslojd.se/wordpress/wp-content/uploads/2011/08/IMG_6587-300x225.jpg" class="attachment-medium size-medium" alt="" decoding="async" loading="lazy" srcset="https://kravallslojd.se/wordpress/wp-content/uploads/2011/08/IMG_6587-300x225.jpg 300w, https://kravallslojd.se/wordpress/wp-content/uploads/2011/08/IMG_6587-1024x768.jpg 1024w" sizes="(max-width: 300px) 100vw, 300px" /></a></p>
<p>De här virkade bomberna kommer antagligen att ställas ut i Olofströms konsthall i oktober. Bilden är från en utställning i Lund november 2010. </p>
